are the prime factors of 58844489?
11, 919, 5821
What are the prime factors of 20019507?
3, 6673169
What are the prime factors of 26705756?
2, 7, 11, 31, 2797
List the prime factors of 414094326.
2, 3, 5639, 12239
List the prime factors of 293530426.
2, 7, 20966459
List the prime factors of 94653494.
2, 13, 3640519
List the prime factors of 221649665.
5, 44329933
What are the prime factors of 1206187504?
2, 59, 1277741
List the prime factors of 3528454708.
2, 29, 73, 269, 1549
What are the prime factors of 683396435?
5, 73, 1872319
What are the prime factors of 1020381917?
53, 19252489
What are the prime factors of 462696709?
462696709
List the prime factors of 41067734.
2, 20533867
What are the prime factors of 7076759436?
2, 3, 277, 709663
What are the prime factors of 205639225?
5, 11, 17, 43987
What are the prime factors of 410861673?
3, 23, 661613
What are the prime factors of 216977068?
2, 7, 11, 659, 1069
What are the prime factors of 416263083?
3, 138754361
What are the prime factors of 3311972807?
11, 13, 463, 50023
List the prime factors of 55410804.
2, 3, 109, 523
List the prime factors of 44330966.
2, 29, 764327
What are the prime factors of 152417400?
2, 3, 5, 53, 4793
List the prime factors of 16801207.
16801207
List the prime factors of 3455252149.
109, 5237, 6053
What are the prime factors of 60273073?
7, 19, 453181
What are the prime factors of 71536199?
7, 10219457
List the prime factors of 2245303696.
2, 17, 139, 59387
What are the prime factors of 1445314139?
1445314139
What are the prime factors of 1953994885?
5, 390798977
List the prime factors of 674681748.
2, 3, 13, 463, 9341
What are the prime factors of 185763752?
2, 1663, 13963
What are the prime factors of 560817287?
79, 7098953
What are the prime factors of 2056051242?
2, 3, 7, 2273, 2393
What are the prime factors of 35615557?
19, 1874503
What are the prime factors of 181407282?
2, 3, 7, 43, 100447
List the prime factors of 2228827467.
3, 47, 421, 37547
What are the prime factors of 1296574720?
2, 5, 7, 37, 3911
List the prime factors of 80761016.
2, 7, 17, 12119
List the prime factors of 185333455.
5, 47, 59, 13367
List the prime factors of 1368147710.
2, 5, 136814771
List the prime factors of 226460348.
2, 56615087
List the prime factors of 277244479.
449, 617471
List the prime factors of 12225326.
2, 163, 37501
What are the prime factors of 4165660142?
2, 7, 139, 2140627
What are the prime factors of 2755687623?
3, 13, 70658657
List the prime factors of 1428932384.
2, 11, 1493, 2719
List the prime factors of 44880587.
44880587
List the prime factors of 5938036624.
2, 13, 17, 1151, 1459
List the prime factors of 1081787058.
2, 3, 11, 29, 293, 643
List the prime factors of 647180121.
3, 7, 41, 751661
What are the prime factors of 12065683?
7, 1723669
What are the prime factors of 2732568?
2, 3, 41, 2777
List the prime factors of 1271360029.
23, 29, 1906087
List the prime factors of 58216896.
2, 3, 53, 1907
List the prime factors of 77326244.
2, 929, 20809
What are the prime factors of 106992060?
2, 3, 5, 7, 269, 947
List the prime factors of 869369642.
2, 31, 14022091
List the prime factors of 14788960.
2, 5, 92431
What are the prime factors of 2772515327?
2423, 1144249
What are the prime factors of 1030620949?
15647, 65867
List the prime factors of 1683351460.
2, 5, 7, 31, 397, 977
What are the prime factors of 1371913617?
3, 17, 71, 223, 1699
What are the prime factors of 653540956?
2, 283, 577333
What are the prime factors of 541353962?
2, 29, 241, 38729
What are the prime factors of 276014251?
443, 623057
What are the prime factors of 1919464387?
5981, 320927
What are the prime factors of 2500762?
2, 11, 71, 1601
List the prime factors of 30720452.
2, 7, 22391
What are the prime factors of 132612442?
2, 66306221
What are the prime factors of 32465513?
919, 35327
List the prime factors of 88967479.
88967479
List the prime factors of 12574831.
12574831
List the prime factors of 182972395.
5, 36594479
What are the prime factors of 345188240?
2, 5, 499, 8647
What are the prime factors of 141589758?
2, 3, 947, 24919
What are the prime factors of 196549948?
2, 7, 7019641
What are the prime factors of 314975899?
7, 41, 353, 3109
What are the prime factors of 706387210?
2, 5, 70638721
List the prime factors of 473879786.
2, 191, 1240523
List the prime factors of 3444743832.
2, 3, 143530993
List the prime factors of 58549467.
3, 23, 313, 2711
What are the prime factors of 11561614?
2, 19, 304253
List the prime factors of 346290700.
2, 5, 7, 139, 3559
List the prime factors of 716517355.
5, 29, 331, 14929
What are the prime factors of 19810386?
2, 3, 366859
What are the prime factors of 30131864?
2, 7, 79, 139
List the prime factors of 1872406898.
2, 2797, 334717
List the prime factors of 779874498.
2, 3, 13, 256369
List the prime factors of 20938113.
3, 7, 31, 71, 151
List the prime factors of 2073809978.
2, 769, 1348381
List the prime factors of 1889632290.
2, 3, 5, 7, 13, 173, 4001
What are the prime factors of 765263589?
3, 19, 673, 19949
What are the prime factors of 225146403?
3, 47, 532261
List the prime factors of 109496742.
2, 3, 251, 72707
List the prime factors of 58722146.
2, 7, 4194439
List the prime factors of 1520459382.
2, 3, 13, 19, 59, 17389
List the prime factors of 59416203.
3, 7, 11, 67, 349
What are the prime factors of 89194721?
7, 11, 19, 41, 1487
List the prime factors of 1376317396.
2, 139, 179, 13829
List the prime factors of 91949917.
79, 1163923
What are the prime factors of 900411074?
2, 450205537
What are the prime factors of 173490074?
2, 31, 883, 3169
List the prime factors of 37469184.
2, 3, 12197
What are the prime factors of 1181809516?
2, 67, 4409737
List the prime factors of 24973687.
24973687
List the prime factors of 113803215.
3, 5, 47, 337, 479
List the prime factors of 40340886.
2, 3, 61, 110221
What are the prime factors of 1920305047?
743, 2584529
List the prime factors of 347345562.
2, 3, 179, 323413
What are the prime factors of 341566194?
2, 3, 56927699
List the prime factors of 70519205.
5, 1741, 8101
List the prime factors of 433568262.
2, 3, 23, 83, 37853
What are the prime factors of 53799555?
3, 5, 3586637
What are the prime factors of 36693528?
2, 3, 1528897
What are the prime factors of 13119285?
3, 5, 874619
List the prime factors of 1720857092.
2, 61, 1319, 5347
What are the prime factors of 45831949?
17, 2695997
What are the prime factors of 176234372?
2, 23, 1915591
What are the prime factors of 32895724?
2, 317, 25943
List the prime factors of 19716611.
823, 23957
What are the prime factors of 129517557?
3, 13, 883, 3761
What are the prime factors of 50451175?
5, 19, 106213
What are the prime factors of 278727289?
278727289
List the prime factors of 40076044.
2, 131, 76481
List the prime factors of 1690276069.
37, 2917, 15661
List the prime factors of 808622343.
3, 307, 292661
List the prime factors of 1412625537.
3, 156958393
List the prime factors of 335057724.
2, 3, 9307159
List the prime factors of 593604501.
3, 7, 47, 601423
What are the prime factors of 26098987?
4027, 6481
What are the prime factors of 79047948?
2, 3, 7, 61, 15427
List the prime factors of 1623709121.
1623709121
What are the prime factors of 1649634505?
5, 2791, 118211
What are the prime factors of 4804948658?
2, 26627, 90227
What are the prime factors of 722265759?
3, 80251751
List the prime factors of 473933118.
2, 3, 78988853
List the prime factors of 1030880524.
2, 71, 313, 11597
What are the prime factors of 106478010?
2, 3, 5, 394363
What are the prime factors of 1071889831?
17, 63052343
What are the prime factors of 64325115?
3, 5, 281, 5087
List the prime factors of 601157597.
97, 1447, 4283
List the prime factors of 77846428.
2, 11, 127, 13931
List the prime factors of 43930471.
13, 359, 9413
What are the prime factors of 292109750?
2, 5, 29, 43, 937
What are the prime factors of 99185396?
2, 19, 41, 139, 229
List the prime factors of 663193058.
2, 11, 30145139
List the prime factors of 628169079.
3, 209389693
What are the prime factors of 201019247?
11, 13, 71, 1523
What are the prime factors of 619455691?
59, 10499249
What are the prime factors of 144200900?
2, 5, 1442009
What are the prime factors of 2202279303?
3, 7, 1